{"id":1397,"date":"2023-08-31T01:29:52","date_gmt":"2023-08-31T01:29:52","guid":{"rendered":"https:\/\/hscc.acm.org\/2025\/?page_id=1397"},"modified":"2025-02-10T14:42:53","modified_gmt":"2025-02-10T14:42:53","slug":"organizers","status":"publish","type":"page","link":"https:\/\/hscc.acm.org\/2025\/organizers\/","title":{"rendered":"Organizers"},"content":{"rendered":"\n<h2>PC Chairs<\/h2>\n\n\n\n<ul><li><a href=\"https:\/\/www.colorado.edu\/aerospace\/morteza-lahijanian\">Morteza Lahijanian<\/a> \u2013 University of Colorado Boulder, USA<\/li><li><a href=\"https:\/\/people.epfl.ch\/maryam.kamgarpour?lang=en\">Maryam Kamgarpour<\/a>&nbsp;\u2013 Swiss Federal Institute of Technology Lausanne, Switzerland<\/li><\/ul>\n\n\n\n<h2>Steering Committee<\/h2>\n\n\n\n<ul><li><a rel=\"noreferrer noopener\" href=\"https:\/\/www.cs.ox.ac.uk\/people\/alessandro.abate\/home.html\" data-type=\"URL\" data-id=\"https:\/\/www.cs.ox.ac.uk\/people\/alessandro.abate\/home.html\" target=\"_blank\">Alessandro Abate<\/a> &#8211; University of Oxford, UK<\/li><li><a rel=\"noreferrer noopener\" href=\"http:\/\/www-verimag.imag.fr\/PEOPLE\/Thao.Dang\/\" data-type=\"URL\" data-id=\"http:\/\/www-verimag.imag.fr\/PEOPLE\/Thao.Dang\/\" target=\"_blank\">Thao Dang<\/a> &#8211; Verimag\/CNRS, France<\/li><li><a rel=\"noreferrer noopener\" href=\"https:\/\/uol.de\/en\/socps\/team\/prof-dr-martin-fraenzle\" data-type=\"URL\" data-id=\"https:\/\/uol.de\/en\/socps\/team\/prof-dr-martin-fraenzle\" target=\"_blank\">Martin Fr\u00e4nzle<\/a> &#8211; University of Oldenburg, Germany<\/li><li><a rel=\"noreferrer noopener\" href=\"https:\/\/ti.tuwien.ac.at\/cps\/people\/grosu\" data-type=\"URL\" data-id=\"https:\/\/ti.tuwien.ac.at\/cps\/people\/grosu\" target=\"_blank\">Radu Grosu<\/a> &#8211; TU Wien, Austria<\/li><li><a rel=\"noreferrer noopener\" href=\"https:\/\/mitras.ece.illinois.edu\" data-type=\"URL\" data-id=\"https:\/\/mitras.ece.illinois.edu\" target=\"_blank\">Sayan Mitra<\/a> &#8211; University of Illinois at Urbana-Champaign, USA<\/li><li><a rel=\"noreferrer noopener\" href=\"http:\/\/www.seas.ucla.edu\/~tabuada\/\" data-type=\"URL\" data-id=\"http:\/\/www.seas.ucla.edu\/~tabuada\/\" target=\"_blank\">Paulo Tabuada<\/a> &#8211; University of California, Los Angeles, USA<\/li><li><a rel=\"noreferrer noopener\" href=\"http:\/\/people.eecs.berkeley.edu\/~tomlin\/\" data-type=\"URL\" data-id=\"http:\/\/people.eecs.berkeley.edu\/~tomlin\/\" target=\"_blank\">Claire Tomlin<\/a> &#8211; University of California, Berkeley, USA<\/li><\/ul>\n\n\n\n<h2>Publication Chair<\/h2>\n\n\n\n<ul><li><a href=\"https:\/\/www.tue.nl\/en\/research\/researchers\/sofie-haesaert\" data-type=\"URL\" data-id=\"https:\/\/www.tue.nl\/en\/research\/researchers\/sofie-haesaert\">Sofie Haesaert<\/a> &#8211; Eindhoven University of Technology<\/li><\/ul>\n\n\n\n<h2>Publicity Chair<\/h2>\n\n\n\n<ul><li><a href=\"https:\/\/www.ncl.ac.uk\/computing\/staff\/profile\/abolfazllavaei.html\">Abolfazl Lavaei<\/a> &#8211; Newcastle University, UK<\/li><\/ul>\n\n\n\n<h2>Demo\/Poster Chair<\/h2>\n\n\n\n<ul><li><a href=\"https:\/\/www.tudelft.nl\/en\/staff\/l.laurenti\/\">Luca Laurenti<\/a> &#8211; Delft University of Technology (TU Delft), Netherlands<\/li><\/ul>\n\n\n\n<h2>Awards Chair<\/h2>\n\n\n\n<ul><li><a href=\"https:\/\/people.mpi-sws.org\/~rupak\/\">Rupak Majumdar<\/a> &#8211; Max Planck Institute for Software Systems, Germany<\/li><\/ul>\n\n\n\n<h2>Repeatability Evaluation Chairs<\/h2>\n\n\n\n<ul><li><a href=\"https:\/\/lauranenzi.github.io\/\">Laura Nenzi<\/a> &#8211; University of Trieste, Italy<\/li><li><a href=\"https:\/\/stanleybak.com\/\">Stanley Bak<\/a> &#8211; Stony Brook University, USA<\/li><\/ul>\n\n\n\n<h2>Program Committee<\/h2>\n\n\n\n<ul><li>Saoud Adnane &#8211; University Mohammed VI Polytechnic<\/li><li>Heejin Ahn &#8211; KAIST<\/li><li>Matthias Althoff &#8211; Technical University of Munich<\/li><li>\u00c9tienne Andr\u00e9 &#8211; Universit\u00e9 Sorbonne Paris Nord<\/li><li>Nicolas Basset &#8211; Universit\u00e9 Grenoble Alpes<\/li><li>Guillaume Berger &#8211; UCLouvain<\/li><li>Mo Chen &#8211; Simon Fraser University<\/li><li>Andrew Clark &#8211; Washington University in St. Louis<\/li><li>Pieter Collins &#8211; Maastricht University<\/li><li>Rayna Dimitrova &#8211; CISPA Helmholtz Center for Information Security<\/li><li>Souradeep Dutta &#8211; University of British Columbia<\/li><li>Chuchu Fan &#8211; MIT<\/li><li>Francesco Ferrante &#8211; University of Perugia<\/li><li>Goran Frehse &#8211; ENSTA Paris<\/li><li>Daniel J. Fremont &#8211; University of California, Santa Cruz<\/li><li>Kunal Garg &#8211; University of Michigan<\/li><li>Rafal Goebel &#8211; Loyola University Chicago<\/li><li>Eric Goubault &#8211; LIX, Ecole Polytechnique<\/li><li>Christoph Grimm &#8211; TU Kaiserslautern<\/li><li>Maurice Heemels &#8211; Eindhoven University of Technology<\/li><li>Ayonga Hereid &#8211; University of Michigan<\/li><li>Bardh Hoxha &#8211; Toyota Research Institute North America<\/li><li>Jianghai Hu &#8211; Purdue University<\/li><li>Inigo Incer &#8211; University of Michigan<\/li><li>Rapha\u00ebl Jungers &#8211; University in Ottignies-Louvain-la-Neuve<\/li><li>Yiannis Kantaros &#8211; Washington University in St. Louis<\/li><li>Mohammad Khajenejad &#8211; University of Tulsa<\/li><li>Katherine Kosaian &#8211; University of Iowa<\/li><li>Ratan Lal &#8211; Kansas State University<\/li><li>Abolfazl Lavaei &#8211; Newcastle University<\/li><li>Daniel Liberzon &#8211; University of Illinois at Urbana-Champaign<\/li><li>Lars Lindemann &#8211; University of Southern California<\/li><li>Tobias Meggendorfer &#8211; Lancaster University Leipzig<\/li><li>Ian Mitchell &#8211; The University of British Columbia<\/li><li>Stefan Mitsch &#8211; DePaul University<\/li><li>Cyrus Neary &#8211; The University of Texas at Austin<\/li><li>Miroslav Pajic &#8211; Duke University<\/li><li>Ali Pakniyat &#8211; University of Alabama<\/li><li>Nicola Paoletti &#8211; King&#8217;s College London<\/li><li>Sean Phillips &#8211; AFRL<\/li><li>Romain Postoyan &#8211; Universit\u00e9 de Lorraine<\/li><li>Pavithra Prabhakar &#8211; Kansas State University<\/li><li>Maria Prandini &#8211; Polytechnic University of Milan<\/li><li>Sylvie Putot &#8211; LIX, Ecole Polytechnique<\/li><li>Akshay Rajhans &#8211; MathWorks<\/li><li>Anne Remke &#8211; WWU M\u00fcnster<\/li><li>David \u0160afr\u00e1nek &#8211; Masaryk University<\/li><li>Ricardo Sanfelice &#8211; University of California<\/li><li>Anne-Kathrin Schmuck &#8211; Max-Planck-Institute for Software Systems<\/li><li>Andrew Sogokon &#8211; Lancaster University<\/li><li>Ufuk Topcu &#8211; University of Texas at Austin<\/li><li>Jana Tumova &#8211; KTH Royal Institute of Technology<\/li><li>Cristian-Ioan Vasile &#8211; Lehigh University<\/li><li>Masaki Waga &#8211; Kyoto University<\/li><li>Rafael Wisniewski &#8211; Aalborg University<\/li><li>Verena Wolf &#8211; Saarland University<\/li><li>Bai Xue &#8211; Institute of Software, Chinese Academy of Sciences<\/li><li>Guosong Yang &#8211; Rutgers University<\/li><li>Insoon Yang &#8211; Seoul National University<\/li><li>Liren Yang &#8211; Huazhong University of Science and Technology<\/li><li>Sze Zheng Yong &#8211; Northeastern University<\/li><li>Luca Zaccarian &#8211; LAAS-CNRS and University of Trento<\/li><li>Majid Zamani &#8211; University of Colorado Boulder<\/li><li>Naijun Zhan &#8211; Institute of Software, Chinese Academy of Sciences<\/li><li>Bingzhuo Zhong &#8211; Hong Kong University of Science and Technology<\/li><li>Aditya Zutshi &#8211; Galois, Inc.<\/li><\/ul>\n\n\n\n<h2>Posters\/Demos PC members<\/h2>\n\n\n\n<ul><li>Adrien Banse &#8211; UCLouvain<\/li><li>Giannis Delimpaltadakis &#8211; TU Eindhoven<\/li><li>Eduardo Figuereido &#8211; TU Delft<\/li><li>Ibon Gracia &#8211; University of Colorado Boulder<\/li><li>Licio Romao &#8211; Technical University of Denmark<\/li><li>Nikolaus Vertovic &#8211; University of Oxford<\/li><li>Mehran Hosseini &#8211; King&#8217;s College London<\/li><li>Behrad Samari &#8211; Newcastle University<\/li><\/ul>\n\n\n\n<h2>Repeatability Evaluation Program Committee<\/h2>\n\n\n\n<ul><li>Steven Adams &#8211; TU Delft <\/li><li>Mahmoud Elafr &#8211; University of California, Irvine<\/li><li>Jamie Gardner &#8211; Newcastle University<\/li><li>Kunal Garg &#8211; University of Michigan<\/li><li>Lipsy Gupta &#8211; Kansas State University<\/li><li>Qi Heng Ho &#8211; University of Colorado Boulder<\/li><li>Nikolaos Kekatos &#8211; Univ. Grenoble Alpes<\/li><li>Ratan Lal &#8211; faculty at Northwest Missouri State<\/li><li>Laetitia Laversa &#8211; Irif (Universit\u00e9 Paris Cit\u00e9)<\/li><li>Hsuan-Cheng Liao &#8211; DENSO AUTOMOTIVE Deutschland GmbH<\/li><li>Ertai Luo &#8211; Stony Brook<\/li><li>Simone Mariano &#8211; University of Melbourne<\/li><li>Frederik Mathiesen &#8211; TU Delft<\/li><li>Tobias Meggendorfer &#8211; Lancaster University Leipzig<\/li><li>Rahul Misra &#8211; Aalborg University<\/li><li>Satya Prakash Nayak &#8211; Max Planck Institute Kaiserslautern<\/li><li>Samuel Pastva &#8211; Institute of Science and Technology Austria<\/li><li>Robert Reed &#8211; University of Colorado Boulder<\/li><li>Chelsea Rose Sidrane &#8211; KTH Royal Institute of Technology<\/li><li>John Skovbekk &#8211; University of Colorado Boulder<\/li><li>Teng Yan &#8211; Hong Kong University of Science and Technology<\/li><li>Yiqi Zhao &#8211; University of Southern California<\/li><\/ul>\n","protected":false},"excerpt":{"rendered":"<p>PC Chairs Morteza Lahijanian \u2013 University of Colorado Boulder, USA Maryam Kamgarpour&nbsp;\u2013 Swiss Federal Institute of Technology Lausanne, Switzerland Steering Committee Alessandro Abate &#8211; University of Oxford, UK Thao Dang &#8211; Verimag\/CNRS, France Martin Fr\u00e4nzle &#8211; University of Oldenburg, Germany Radu Grosu &#8211; TU Wien, Austria Sayan Mitra &#8211; University [&hellip;]<\/p>\n","protected":false},"author":7,"featured_media":0,"parent":0,"menu_order":0,"comment_status":"closed","ping_status":"closed","template":"","meta":[],"_links":{"self":[{"href":"https:\/\/hscc.acm.org\/2025\/wp-json\/wp\/v2\/pages\/1397"}],"collection":[{"href":"https:\/\/hscc.acm.org\/2025\/wp-json\/wp\/v2\/pages"}],"about":[{"href":"https:\/\/hscc.acm.org\/2025\/wp-json\/wp\/v2\/types\/page"}],"author":[{"embeddable":true,"href":"https:\/\/hscc.acm.org\/2025\/wp-json\/wp\/v2\/users\/7"}],"replies":[{"embeddable":true,"href":"https:\/\/hscc.acm.org\/2025\/wp-json\/wp\/v2\/comments?post=1397"}],"version-history":[{"count":38,"href":"https:\/\/hscc.acm.org\/2025\/wp-json\/wp\/v2\/pages\/1397\/revisions"}],"predecessor-version":[{"id":1776,"href":"https:\/\/hscc.acm.org\/2025\/wp-json\/wp\/v2\/pages\/1397\/revisions\/1776"}],"wp:attachment":[{"href":"https:\/\/hscc.acm.org\/2025\/wp-json\/wp\/v2\/media?parent=1397"}],"curies":[{"name":"wp","href":"https:\/\/api.w.org\/{rel}","templated":true}]}}